1. What are the prime factors of i(z)?
37
Let j = -9922 - -15167. List the prime factors of j.
5, 1049
Suppose -z = 6*p - 7*p - 679, -5*p = -3*z + 2041. List the prime factors of z.
677
Let l(k) = -k + 21. Let b be l(17). Suppose 51 = -b*s + 1127. Suppose -2*t - 5*r + 127 = 0, -2*r - s = -4*t + 3*r. What are the prime factors of t?
2, 3, 11
Let q(n) = 2*n**2 + 4*n + 4. Let o(t) = t**2 + 4*t + 4. Let u(g) = -3*o(g) + 2*q(g). Let a be u(5). List the prime factors of 4 - (a*-100)/2.
2, 3
Let m(i) = i**3 - 8*i**2 + 4*i - 11. Let t be m(8). Let o be t/(-2)*24/(-7). Suppose -18*d + 15*d = -o. What are the prime factors of d?
2, 3
Let q = 54 - 53. Let p(i) = 3*i**3 - i**2 + 3*i - 2. What are the prime factors of p(q)?
3
List the prime factors of ((-248)/32*-162)/(5/10).
3, 31
Suppose 16 - 73 = -3*y. Suppose -y*n = -14*n - 20. Suppose 0 = 2*f + 3*g - 46, g + n - 2 = 0. What are the prime factors of f?
2, 13
Let f = -11 + 18. Suppose -4*o + f*o = 156. What are the prime factors of o?
2, 13
Suppose -907*s = -910*s + 8352. What are the prime factors of s?
2, 3, 29
Suppose -2*j + 361 = -3*w, 6*j - 3*j - 546 = 3*w. List the prime factors of j.
5, 37
Suppose -2*j = -5*j + 21. Let y = 16 - 10. Suppose 0 = -j*k + y*k + 71. List the prime factors of k.
71
Suppose z + 2*n = 5*z - 1182, 3*z + 3*n - 864 = 0. What are the prime factors of z?
293
Suppose 2*y + 34 = 4*w + y, w = -4*y. What are the prime factors of (6/w)/((-9)/(-432))?
2, 3
Let s(i) = i**2 - 11*i - 13. Let v be s(12). Let n(h) = -3*h**2 + h. Let r be n(1). What are the prime factors of 3*(-1 + v)/r?
3
Let h(g) = -2*g**3 - g**2 + 2*g - 9. Let i(p) = p**2 + 9*p + 4. Let x be i(-8). List the prime factors of h(x).
5, 19
Suppose -5*c + 3*c - 5082 = 0. Let t be 1/(-5) - c/55. What are the prime factors of (-1)/(-2) - (-207)/t?
5
Let a be ((-1556)/(-12))/((-2)/(-6)). Suppose -738 - a = -7*g. What are the prime factors of g?
7, 23
Let x be 0 - (-4 - -3 - (-1 + 1)). What are the prime factors of (x + 0)/(0 - (-3)/555)?
5, 37
Let f be 5 + -2 - 2/(-2). Suppose 0 = -0*p + p + f*x - 64, -10 = -2*x. Suppose 2*k - p = k. What are the prime factors of k?
2, 11
What are the prime factors of (14/6 + -2)*(11841 + -276)?
3, 5, 257
Let b be -1*(6/(-14) - 275/77). Suppose -5*d - b*p = -308 - 229, -3*p = 5*d - 539. List the prime factors of d.
109
Suppose -4*y = -4*m + 7964, 39*m - 4010 = 37*m - 5*y. What are the prime factors of m?
3, 5, 7, 19
Let x(m) = m**3 + 4*m**2 - 6*m - 3. List the prime factors of x(-5).
2
Suppose -5*w = -0*v - 5*v - 80, 4*v = 0. Suppose 20*p - w*p = 524. List the prime factors of p.
131
List the prime factors of -64 + 63 - (-1889 - 1).
1889
Let d(n) = -n. Let s = -21 - -16. Let k be d(s). Suppose -5*i + i + 152 = 5*p, k*i = -3*p + 86. What are the prime factors of p?
2
Suppose 4*c + y - 10 = -y, 3*y + 21 = 3*c. Let i = -4 + c. List the prime factors of 9 - (i/3 - -3).
2, 3
Let q = 6368 + -4442. What are the prime factors of q?
2, 3, 107
What are the prime factors of (2341 - 60)/(3 + 1)*4?
2281
Let h be (1 + -10)*(-1 + 7/21). Suppose d + 474 = h*d + n, 2*d - 5*n = 168. What are the prime factors of d?
2, 47
Let o(l) = 2*l**3 + 5*l**2 - 8*l + 6. Let s be o(5). Let h = -232 + s. List the prime factors of h.
109
Suppose 5*f = 4 + 6. Suppose f*o - 3 = 17. What are the prime factors of (-5)/o + 26/4?
2, 3
Let m(s) = -2*s**3 + 67*s**2 - s - 63. What are the prime factors of m(32)?
13, 229
Let k be 1/(1*(-2)/(-30)). Suppose 0 = 4*r - 20 - 8. Let g = r + k. List the prime factors of g.
2, 11
Suppose 0 = 4*h - 9*h + 3*z + 29, 14 = 2*h - 2*z. Suppose -h*g - 13 = 23. List the prime factors of (-3)/g*0 - -18.
2, 3
Suppose -33 = -4*x + 631. List the prime factors of x.
2, 83
Suppose 0 = 2*w - 2, 2*p - 11*w + 8*w = 1829. What are the prime factors of p?
2, 229
Suppose 0 = -49*x + 15151 + 95785. What are the prime factors of x?
2, 283
Let a = -4 - -7. Suppose 0 = -0*g + a*g - 363. Suppose -40 + g = 3*t. List the prime factors of t.
3
Suppose 3*y + 0*y = 0, -15 = -3*s - 3*y. Suppose 5*a + 4*n - 466 = n, -s*a + 450 = -5*n. Suppose 5*u = 63 + a. List the prime factors of u.
31
Suppose -3*s + 40 = -r + 5*r, -s = r - 11. Let g(l) = 9*l + 20. List the prime factors of g(r).
83
Let f = 139 + -94. List the prime factors of f.
3, 5
Let d(p) = 3321*p**2 + 3*p + 4. List the prime factors of d(-1).
2, 11, 151
Let r(s) = -126*s + 25. List the prime factors of r(-20).
5, 509
Suppose 3*y - 566 = -4*p, 2*y + y - 4*p = 526. Let g = y - 70. What are the prime factors of g?
2, 7
Suppose -5*q + 7 = -13. Suppose 0*s + p = 3*s - 9, q*s - 4*p - 20 = 0. Suppose s*r + 22 = 66. List the prime factors of r.
2, 11
Suppose -2*c + 0 = -4. Suppose -w + 3*j = -116, c*w + 2*j = 52 + 188. List the prime factors of w.
7, 17
Suppose 0 = h + 4*h - 220. Suppose -11 - h = -5*d. What are the prime factors of d?
11
List the prime factors of 3888/10 + ((-100)/10)/(-50).
389
Suppose 2*n - 18816 = -12*n. What are the prime factors of (n/18)/(-7)*3*-1?
2
Let p(c) = c - c**2 - 3*c - c. Let j be p(-2). Suppose 17 = -j*z + 67. What are the prime factors of z?
5
Let x(s) = -9*s + 1. Let j be x(-1). Suppose -2*f - 18 = -2*k, 4*f + 28 - 2 = 2*k. List the prime factors of 7 - j - (-1 + f).
2
Suppose 0 = -26*x + 13*x + 2236. List the prime factors of x.
2, 43
Let g = -37 + 38. What are the prime factors of -1 - 5*g/((-10)/188)?
3, 31
Suppose 3*c + 552 = -3*r, 4*c - r + 701 = 2*r. Let n = 291 + c. List the prime factors of n.
2, 7
Suppose 18*r = -4*y + 16*r + 4422, -2*r = 3*y - 3318. What are the prime factors of y?
2, 3, 23
Let n be 3/9 + 16/6. Let u(w) = 11 + 6*w**2 + 2*w - 3*w**2 - 9 + 2. List the prime factors of u(n).
37
Let k(n) = 2*n + 5. Let z be k(-2). Suppose -5*v = -2*f - 39, 5*f - z = -v - 4. Suppose -6*m = -209 - v. What are the prime factors of m?
2, 3
Let m = 94 + -40. Let c = m + -31. Suppose -c = -5*h + 52. List the prime factors of h.
3, 5
Let j = -728 - -980. List the prime factors of j.
2, 3, 7
Let x = 7 + -4. Suppose x*h - 4*f = 116, -5*f + 45 = 2*h - h. List the prime factors of h.
2, 5
Suppose 0 = -3*t - 5*s + s + 83, s - 68 = -3*t. What are the prime factors of t?
3, 7
Let k = 2527 + -1505. Suppose -16*z + 610 = -k. List the prime factors of z.
2, 3, 17
Let s be (-2)/(-9) + (-454)/18. Let h = s - -15. What are the prime factors of 2/4 - 145/h?
3, 5
Let l = 4727 + -3372. What are the prime factors of l?
5, 271
Suppose 4*u + 1554 = 2*p, 4*u = 5*p - 1926 - 1929. What are the prime factors of p?
13, 59
Suppose -125*b = -86*b - 40404. What are the prime factors of b?
2, 7, 37
Suppose 0 = -4*v + 4*i + 64, -4*v + 17 = 4*i - 71. Suppose 0*m + v = m. Suppose -3*t = -5*z - 122, -2*t = 3*z - m - 56. What are the prime factors of t?
3, 13
Suppose 7*h = 9*h. Suppose 4*k - 36 - 12 = h. What are the prime factors of k?
2, 3
Suppose -21 = -2*k + a, 0 = -k - a + 16 - 4. Let w be (-2 - (0 - 0)) + 7. Let f = w + k. What are the prime factors of f?
2
Let o be ((-42)/12)/((-2)/(-4)). What are the prime factors of (-48)/(-112) + (-417)/o?
2, 3, 5
Let d = -1697 - -4428. What are the prime factors of d?
2731
Suppose 0 = a + 2*o + 66, -o + 282 = -2*a - 2*a. Let h = 118 + a. What are the prime factors of h?
2, 3
Suppose 12*m + m - 8203 = 0. What are the prime factors of m?
631
Suppose -2*u + 1238 = 3*z, 2*u - 5*u + 817 = 2*z. List the prime factors of z.
2, 13
Let n(b) = -2*b + 27. Let d be n(11). Suppose -5*q = 5*j - 206 - 574, -3*j - 780 = -d*q. What are the prime factors of q?
2, 3, 13
Suppose -5*j - 5*f + 145 = 0, 4*f - 29 = -319*j + 318*j. List the prime factors of j.
29
Let g = 546 + -367. Suppose j + 3*b - 60 = 0, -3*b + 16 = 4*j - g. List the prime factors of j.
3, 5
Let c be (-4 - (-3 + 2)) + (0 - -183). Suppose -5*q + 100 + c = 0. List the prime factors of q.
2, 7
Let p = 30 + -26. Suppose 0 = -p*y - 4*r - 4, 8 = -5*y - r + 23. Suppose 5*i + 3*h - 53 = -12, y*h + 52 = 4*i. What are the prime factors of i?
2, 5
Let u(z) = 4*z - 4. Let w = 6 - 3. Suppose -w*i = i - 28. List the prime factors of u(i).
2, 3
Suppose -15*z + 14*z = -4. Let o(f) = 14*f**2 - 5*f - 3. What are the prime factors of o(z)?
3, 67
Let x = -2 + 7. Let d = -37 - -42. Suppose d*w + 36 = 2*h, -w - 75 = -x*h + 4*w. List the prime factors of h.
13
Let n be 18/45 + (-2)/5. Suppose x = -n*x